 + 6*s**h - 1/6*s**3 + 30*s. Calculate r(0).
12
Let h(y) be the second derivative of -y**4/6 - 53*y**3/3 - 146*y**2 + 2*y + 2309. Give h(-50).
8
Let t(c) = 4*c**3 + 3*c**2 + 16*c + 2. Let i(a) = -a**3 - a**2 - 4*a - 1. Let b(o) = 5*i(o) + t(o). Calculate b(-3).
18
Let s = 299 - 299. Suppose 10 = -h + 3*m - s*m, -20 = -4*m. Let i(v) = -v + 1. What is i(h)?
-4
Let j(g) = g**2 + 8*g + 7. Suppose -2*w - w = -5*n + 175, 0 = 3*w. Suppose -4*v = -5*y + 193, -5*y + 2*y = 4*v - 135. Let r = n - y. Determine j(r).
-5
Let p(n) = -176*n - 772. Let j(m) = 72*m + 385. Let a(z) = -5*j(z) - 2*p(z). What is a(-48)?
3
Let b(z) = z**3 - 12*z**2 - 15*z + 29. Let x be b(13). Let m(s) = 39*s + 36. Let f be m(x). Let i(l) = 2 - f*l + 151*l + l**2 - 7. Calculate i(4).
3
Let o(h) = 2*h**2 + 182*h - 32. Let q(x) = -54*x + 11. Let v(c) = 2*o(c) + 7*q(c). Give v(3).
7
Let m be 1*(2 + (-3 - -1)). Suppose -2*x - 4*p = -2 - 4, p + 9 = 3*x. Let c(h) = m + 0 + h + 4 - x. Determine c(0).
1
Suppose -4*s + 13 + 8 = 3*l, 2*s = -2*l + 12. Let o(r) = -8*r - 28*r**s + 14*r**3 + 2 + 7*r**2 + 13*r**3. Give o(6).
-10
Let u(v) be the first derivative of 1/4*v**4 + 1/3*v**3 - v - 20 - 2*v**2. Calculate u(3).
23
Let c(m) be the third derivative of -6*m + 5/2*m**3 + 1/24*m**4 - 5*m**2 + 0. Calculate c(-15).
0
Let s(w) = -3*w**2 + 1. Let l(z) = 598*z**2 + 74*z - 75. Let a be l(1). Let k = -596 + a. Determine s(k).
-2
Let q(f) = f**3 + 4*f**2 + f - 1. Suppose -112 - 80 = -4*r. Suppose 25*w + r = 28*w. Suppose 22 = -w*u - 26. Calculate q(u).
5
Let k(r) be the second derivative of r**3/2 + 27*r**2/2 + 2*r - 1270. Determine k(-21).
-36
Let s(c) = -40*c**3 + 8*c**2 - 15*c + 166*c**3 + 22 - 37*c**3 - 47*c**3 - 43*c**3. Determine s(6).
4
Let i(y) be the first derivative of -7*y**2/2 - 252*y + 14740. Determine i(-36).
0
Let p(m) be the second derivative of m**3/2 + 31*m**2/2 + 2*m + 320. Give p(-14).
-11
Suppose 50 + 122 + 43 = -43*r. Let b(t) = t**2 + 6*t - 9. What is b(r)?
-14
Let z = 51 - 47. Suppose 2*r = l - 3*l - 8, -z*r = 3*l + 13. Let c(u) = 0*u + 5*u + 1 + 4*u. Give c(r).
-8
Let x be ((-6)/7)/((-5)/(-35)). Let g(l) = l + 8. Give g(x).
2
Let p(q) = 7*q - 1. Let o be ((-40)/16)/((-15)/12). Let r(x) = -2*x**3 + x**2 + 9*x - 4. Let c be r(o). Give p(c).
13
Let x(i) = 0*i - i**2 + 21*i + 12464 - 12450. Determine x(23).
-32
Let u(b) be the first derivative of b**4/4 - 8*b**3 + 43*b**2/2 + 13*b + 374. Calculate u(22).
-9
Let i be 0 - (-10 + 1 - 0). Let u(p) be the first derivative of -p**3/3 + 5*p**2 - 3*p - 109792. Calculate u(i).
6
Let a(h) = -70*h - 1. Let v = -401 - -400. Determine a(v).
69
Suppose -6*g - 13*g + 38 = 0. Let s(t) = -95 + 93 + t**g + 3*t - t. Give s(-6).
22
Let v = -1625 - -1616. Let t(o) = -o**2 - 9*o - 2. Determine t(v).
-2
Let f(i) = -9*i**2 + i - 3. Let a(h) = 14*h**2 + h + 3. Let r(b) = 2*a(b) + 3*f(b). Calculate r(-5).
-3
Let u(n) = 354*n - 345*n + 69 - 74 + n**2. Let d be 2/6 + 50/(-6). Calculate u(d).
-13
Let k be ((-3)/(-3) + (0 - -1))*32. Let f(n) = 134*n**3 - 69*n**3 + 1 - 11*n**2 - 12*n - k*n**3. Calculate f(12).
1
Let p(z) = 3*z**3 + 7*z**2 - z + 17. Let g(t) = 4*t**3 + 4*t**2 - 2*t + 13. Let s(m) = 3*g(m) - 2*p(m). Give s(2).
37
Let u(h) be the first derivative of -h**4/4 - 4*h**3/3 + h**2/2 + 3*h - 989. Suppose 2*s - 1 = -9. Calculate u(s).
-1
Let h(q) be the first derivative of 10*q**2 + 36*q + 3. Let f be h(6). Let r(y) = -78 - 5*y**2 + 3*y + f - 76. What is r(-2)?
-24
Let p(k) = k**2 - 23*k + 63. Let g be p(20). Let h(q) = 19*q - q**2 - 32*q + 20*q - g + 2. Calculate h(9).
-19
Let a(x) = 4*x**3 - 10*x**2 + 5*x - 13. Let z(d) = 11*d**3 - 29*d**2 + 16*d - 39. Let q(o) = -8*a(o) + 3*z(o). Determine q(4).
-29
Suppose 0 = -2*y - 4, -4*u + 3*y + 10 = -0*y. Let k(h) = 9*h**2 + 2. Let c be k(1). Let q be 3 + u/(-1) + (4 - c). Let t(g) = g**2 + 4*g + 1. Calculate t(q).
6
Let j(s) = s**3 - 4*s**2 - 28*s - 13. Let b be j(-3). Let m(i) = -4*i + 17. What is m(b)?
-15
Let b = 930 + -922. Let i(q) be the third derivative of q**5/60 - q**4/3 - q**3 - 15*q**2. Determine i(b).
-6
Let s be 2/17 + 271845/595. Suppose 0 = s*r - 453*r + 20. Let v(o) = o**3 + 4*o**2 - 5*o + 7. Give v(r).
7
Let h(g) = -2*g**3 + 2*g**2 - 3*g. Let q(n) = 12*n**3 - 11*n**2 + 17*n. Let s(w) = -34*h(w) - 6*q(w). Determine s(-1).
2
Let k = 6 - 255. Let h = 239 + k. Let a(c) = -c - 12 + 0*c + 4. Determine a(h).
2
Let h(i) = i**2 + 4*i - 2. Let r(c) = c**3 - 5*c + 2*c**2 - 4*c**2 + 2 + 0*c**3. Suppose 0 = -16*z + 32*z + 19*z - 105. Let u be r(z). What is h(u)?
-2
Let r(t) = 3*t**3 - 38*t**2 - 14*t + 18. Let x be -52*(-3)/30*(-390)/(-156). Give r(x).
5
Let h(u) = -10*u - 3. Let f = 432 - 432. Suppose -21*a + 3*r + 14 = -22*a, f = 3*a - 3*r - 6. Determine h(a).
17
Let a(p) = 32 + 68 + 35 + 64*p**2 - 32*p**2 - 4*p - 33*p**2. Calculate a(-13).
18
Let y(s) be the third derivative of s**5/60 + s**4 + 28*s**3/3 - 2*s**2 - 216. Determine y(-21).
-7
Suppose 6 = 2*g + 2*q, -5*g + 5*q - 119 = -104. Let m(j) be the second derivative of 0 - 6*j + 1/12*j**4 - 7/6*j**3 + g*j**2. What is m(7)?
0
Let r(y) = -4*y + 48. Let x be r(14). Let s(a) = -7*a - 64. Let n be s(x). Let p(c) = -c**3 - 7*c**2 + 9*c + 11. Give p(n).
3
Suppose -78*i - 2070 = 12*i. Let d(x) = x**3 + 21*x**2 - 44*x + 52. Calculate d(i).
6
Suppose 4*o = -10 - 10. Let v = 14 + o. Let w be 3/v - 34/(-6). Let n(s) = -s**3 + 5*s**2 + 5*s - 3. Determine n(w).
-9
Let i(z) be the first derivative of 7/2*z**2 - 1/3*z**3 - 54 - 3*z. Give i(6).
3
Let g(h) = h**2 - 9*h - 18. Let r(q) = 2*q**2 - 18*q - 37. Let f(d) = -7*g(d) + 3*r(d). Calculate f(11).
-7
Let y(m) = 78*m - 2. Let z(r) = 106*r - 3. Let q(h) = 4*y(h) - 3*z(h). Calculate q(-4).
25
Let j(g) be the third derivative of -g**4/24 - g**3/2 - 106*g**2. Let w(z) = -7*z - 6. Let b(h) = -3*j(h) + w(h). Give b(2).
-5
Let f(l) = -l**2 - l + 6. Let z(k) = k**3 - 6*k**2 - 13*k + 36. Suppose -34*u + 46*u - 84 = 0. Let a be z(u). What is f(a)?
-24
Let a(c) = -c**2 + 8. Let m be (-11)/(55/(-50)) + -4. Suppose 52 = m*y - 3*y - s, 3*y = 4*s + 64. Suppose -y*o = -20*o. Determine a(o).
8
Let r(c) = -7*c**3 + 3*c + 2. Suppose 0 = 5*t - 4*i - 15, -52*i + 27 = -2*t - 57*i. What is r(t)?
6
Let k(x) be the third derivative of x**5/30 + 19*x**4/24 + 16*x**3/3 - 13*x**2 + 33. What is k(-6)?
-10
Let y(x) be the first derivative of 1/12*x**4 - 16*x - x**2 + 16 - 1/6*x**3. Let l(j) be the first derivative of y(j). Calculate l(-2).
4
Let x = 61 - 59. Let b(w) = -3*w**x + 14*w**2 - 9*w - 10*w**2 - 3. Give b(9).
-3
Let m(j) = -7*j - 1. Suppose 6*u + 3*u = 45. Suppose 3*a = -2*g - u, -2*g + 7*g = -4*a - 2. Suppose g = -21*h + 20*h. What is m(h)?
13
Suppose 9*k - 6 = 11*k - 4*n, -2*k - 3*n - 27 = 0. Let a(p) = -9*p**2 + 0*p + 3*p - 3 - p**3 + 7. What is a(k)?
-23
Suppose 9*h + 44 = -64. Let a(c) = 2*c - 12. Let s(x) = -x + 11. Let g(f) = -2*a(f) - 3*s(f). Determine g(h).
3
Let s(v) = v**2 + 19 + 9*v + 19 + 18 + 24 - 19 - 56. Let d = 2 + -8. Give s(d).
-13
Let g(k) = -3*k**3 - 27*k**2 + 2*k + 20. Let x be -1 + (-1)/(-2) - (-986)/(-116). What is g(x)?
2
Suppose 0 = -s + 10. Let t(n) be the first derivative of -n**4/4 + 11*n**3/3 - 6*n**2 + 11*n + 8674. What is t(s)?
-9
Let u(y) = y**2 + 6*y - 1. Let p(h) = -10*h - 106. Let f(z) = -10*z - 106. Let m(l) = -4*f(l) + 3*p(l). Let a be m(-11). What is u(a)?
-9
Let n(z) = -z**2 + 7*z + 2. Let w be n(8). Let i(h) be the second derivative of -h**5/20 - 7*h**4/12 - h**3/2 - 9*h**2/2 + 114*h + 12. What is i(w)?
-27
Let y(v) = 52*v + 466. Suppose 4*a = -4*o - 68, 28*o - 31*o = 2*a + 42. What is y(a)?
-2
Let x(h) = -h**3 - 7*h**2 + 6. Let l = -147 - -155. Let f = -15 + l. Calculate x(f).
6
Let y(l) = 72*l - 12*l + 11*l + 9 - 66*l. Give y(-12).
-51
Let f(j) = j**3 - j**2 - 3*j - 5. Suppose -2*t + 5*q = -25, 5*q = -3*t - 115 + 90. Calculate f(t).
-5
Let w(r) = 19*r + 99. Let z be w(-5). Suppose -3*o = 2*y - 1, -y - 4 - 1 = -z*o. Let m(g) be the second derivative of 2*g**3/3 - g. Determine m(o).
4
Let q(c) = 24*c - 259. Let r = -20931 - -20942. What is q(r)?
5
Let p(k) = k**2 + 15*k - 35. Let w be p(-13). Let y = w - -46. Let m(d) = d**2 + 14*d - 15. What is m(y)?
0
Suppose 4*v - 4 = 4*m, -4*m + 8*m = -3*v - 11. Let r(n) be the first derivative of 3*n**3 - 20*n - 7*n**3 + n**3 + 19*n + 12. Give r(v).
-10
Le